s 100002220222002 + 10?
100002220222012
In base 12, what is 49054 + 18b?
49223
In base 12, what is 3296 - -ab8b?
12265
In base 15, what is d819 - -86?
d8a0
In base 5, what is 323432 - 123324?
200103
In base 9, what is 1523721 + -22?
1523688
In base 13, what is -12a65 + -261?
-12cc6
In base 4, what is 13131 - 122213211?
-122200020
In base 3, what is -212101210 - 2212012?
-222020222
In base 10, what is 1 - -7650311?
7650312
In base 4, what is -1321210 - 1010030?
-2331300
In base 16, what is -f - 9eedd?
-9eeec
In base 12, what is -255 - -173802?
173569
In base 2, what is 10101000110010001 - 100100000000101?
10000100110001100
In base 8, what is 5450254 - -540?
5451014
In base 6, what is -5 - 1112345131?
-1112345140
In base 15, what is -16625c09 - -3?
-16625c06
In base 11, what is 44 + 3437254?
3437298
In base 6, what is -5 - -435520543?
435520534
In base 15, what is 25b0 + -15c?
2453
In base 10, what is 121499 + 86?
121585
In base 14, what is -da7 + 585a?
4893
In base 4, what is 1002012310032 + 20?
1002012310112
In base 14, what is -167 - 17833?
-1799a
In base 6, what is 442054 - -1214?
443312
In base 14, what is a48 - 378c?
-2b44
In base 15, what is 3ceabb + -2?
3ceab9
In base 13, what is 555 + -52159?
-51904
In base 11, what is -3a0056 - 0?
-3a0056
In base 9, what is -1 + -3751342?
-3751343
In base 16, what is -be + -7b4e50?
-7b4f0e
In base 15, what is -133c14 + 6b?
-133b98
In base 3, what is 21010102211000 + -1110?
21010102202120
In base 12, what is 33 + 67446?
67479
In base 10, what is -1235 + -197937?
-199172
In base 4, what is -3 + -1000111021002?
-1000111021011
In base 8, what is -20 + -457675553?
-457675573
In base 11, what is 209a0 + -1484?
1a517
In base 9, what is -158371 + -845?
-160326
In base 6, what is -22 + -20554414?
-20554440
In base 10, what is 151555 - -64?
151619
In base 5, what is 100311243 + 1?
100311244
In base 5, what is -4221 - 1020232?
-1030003
In base 12, what is 59855 - -291?
59b26
In base 2, what is 11101011001101111111101101 + 100?
11101011001101111111110001
In base 3, what is 102001210 - -211022?
102220002
In base 4, what is 101301 - 312020?
-210113
In base 15, what is 3 + -11a7311?
-11a730d
In base 16, what is -12b - 7de1?
-7f0c
In base 2, what is 10010011110011111100 + -100011?
10010011110011011001
In base 9, what is -13605 + 17477?
3772
In base 4, what is 20212133023303 - -3?
20212133023312
In base 4, what is -12233202313 + 1123?
-12233201130
In base 11, what is -987670 - -8?
-987663
In base 10, what is -10459 - -1888?
-8571
In base 2, what is 11010001100011010000010001101 + -10?
11010001100011010000010001011
In base 11, what is 1131138 - -1a?
1131157
In base 5, what is -11 - 100121020?
-100121031
In base 6, what is -1 + 4010315041?
4010315040
In base 6, what is -1 + 2315410444?
2315410443
In base 8, what is -10 - -10004154?
10004144
In base 11, what is -11 + -2218407?
-2218418
In base 3, what is 1000122202 - -110021?
1001010000
In base 15, what is -6864 - 52b?
-6d90
In base 7, what is -4521 - -1034435?
1026614
In base 16, what is -110 - 29006?
-29116
In base 6, what is -2102 - 2203?
-4305
In base 11, what is -1144a808 + -3?
-1144a810
In base 16, what is 59cf80 + -8b?
59cef5
In base 5, what is 4023103442 - -4?
4023104001
In base 8, what is 364721 + 224?
365145
In base 4, what is -23132221230 - 2?
-23132221232
In base 6, what is 121111545515 - 0?
121111545515
In base 2, what is 111000 - -100111011010111111?
100111011011110111
In base 11, what is -17a3 - a2263?
-a3a56
In base 9, what is -132 - -178388?
178256
In base 5, what is 1012400 + -110333?
402012
In base 14, what is 6a54ac + 0?
6a54ac
In base 14, what is -4 - -c5daa9?
c5daa5
In base 5, what is -13301303312 + -1?
-13301303313
In base 8, what is -7311672 + 4?
-7311666
In base 12, what is -8ab - -1a65b0?
1a5901
In base 16, what is -2a5b66 - -e?
-2a5b58
In base 16, what is 18f7 - 72?
1885
In base 13, what is 4 - -5a0b576?
5a0b57a
In base 14, what is -9 - 26b36d?
-26b378
In base 9, what is -282 - 2471028?
-2471321
In base 2, what is -110111111010101001 + -100011110?
-110111111111000111
In base 14, what is -11724 + -b?
-11731
In base 13, what is 3708c - 151?
36c3b
In base 4, what is 103120 - 3300203?
-3131023
In base 5, what is -113 + 10221102?
10220434
In base 10, what is 41 + -190414?
-190373
In base 8, what is 731734 + 56?
732012
In base 3, what is -212 - -1202222120121?
1202222112202
In base 10, what is 85820 + -1607?
84213
In base 2, what is 110100000111100011010 - -1001?
110100000111100100011
In base 13, what is 286313 + 179?
28648c
In base 16, what is 2de36a - 60?
2de30a
In base 15, what is 6 + 1b09cbd?
1b09cc4
In base 11, what is -27100 + -3a5?
-274a5
In base 14, what is d47cac - 5?
d47ca7
In base 6, what is 500232104 - -5?
500232113
In base 6, what is -4415020 - 54?
-4415114
In base 2, what is -1111101101110000100111111 - -10?
-1111101101110000100111101
In base 5, what is 3033334443 - 2?
3033334441
In base 6, what is -215 + 235434301?
235434042
In base 7, what is 141 + 1062252?
1062423
In base 9, what is -1 + -4530886?
-4530887
In base 4, what is -3023131103002 - -22?
-3023131102320
In base 15, what is 156a75c - -7?
156a764
In base 12, what is b212 + 8a07?
18019
In base 10, what is -24714 + -2363?
-27077
In base 15, what is 264 - -46?
2aa
In base 7, what is 200040 - 2102?
164635
In base 14, what is -231 - 116c31?
-117062
In base 4, what is -2000 + 1201101120?
1201033120
In base 2, what is -1100101101011 - 11101010?
-1101001010101
In base 14, what is -24d + 80d?
5a0
In base 5, what is 4 - 130440321431?
-130440321422
In base 5, what is -1 - -4142433314?
4142433313
In base 12, what is -790b13 - -71?
-790a62
In base 16, what is 1915d + -3c?
19121
In base 5, what is 11 + 22324121142?
22324121203
In base 8, what is 53344615 - 2?
53344613
In base 9, what is 1417162 + -28?
1417133
In base 10, what is 329 + 32435?
32764
In base 16, what is 1fb8 + -1cfa?
2be
In base 3, what is -1111220222 - 221?
-1111221220
In base 15, what is 4 + -61e2ab?
-61e2a7
In base 4, what is -30330100330 + 31?
-30330100233
In base 12, what is -4 - -549a33?
549a2b
In base 14, what is -5903 - 79dc?
-d501
In base 3, what is 11222220222020010 + 12?
11222220222020022
In base 8, what is -21322 - -40356?
17034
In base 11, what is -569223 - 21a?
-569442
In base 4, what is -1 - -1100013123123?
1100013123122
In base 13, what is 1141 + -3a?
1104
In base 16, what is 1ed93b + 4?
1ed93f
In base 6, what is 331201115 + -11?
331201104
In base 3, what is 200121012112 - 10002?
200121002110
In base 9, what is 851 + -2142?
-1181
In base 13, what is -23 + -2625c?
-26282
In base 13, what is 3 + -9153acb?
-9153ac8
In base 16, what is -1580 - -afb?
-a85
In base 6, what is 304100330 - 11?
304100315
In base 11, what is -26 - -1185338?
1185312
In base 3, what is -101221222 - -1121112010?
1012120011
In base 3, what is 12022020021111 - 10120?
12022020010221
In base 11, what is -7a - 8a996?
-8aa65
In base 13, what is 151 - -4bcbc7?
4c0048
In base 9, what is 4 - 6814844?
-6814840
In base 3, what is -2000122001011 + 2001?
-2000121222010
In base 13, what is ca2 - -68171?
69143
In base 5, what is 234 + 1422422333?
1422423122
In base 16, what is 3 - 1ba807?
-1ba804
In base 11, what is 45a66 - 41?
45a25
In base 12, what is -4844901 + 4?
-48448b9
In base 7, what is -144214435 + -2?
-144214440
In base 11, what is -2 - 2573723?
-2573725
In base 12, what is -178350 - 7?
-178357
In base 16, what is a6548 + -1e?
a652a
In base 6, what is 2044222 - -1111?
2045333
In base 9, what is 376 + -1721582?
-1721205
In base 14, what is -a13a - 2556?
-c692
In base 8, what is -56420020 + 3?
-56420015
In base 6, what is 301124 - -541324?
1242452
In base 12, what is -b + 8694931?
8694922
In base 13, what is 4 + 114c408?
114c40c
In base 2, what is -110 + 101010100111000100101010010?
101010100111000100101001100
In base 12, what is -828 - -14a43?
14217
In base 15, what is 1c0 - 7cc5?
-7b05
In base 4, what is 1211 - -3230130323?
3230132200
In base 8, what is 14767407634 - -2?
14767407636
In base 15, what is -13747 - 3471?
-16bb8
In base 6, what is 10432113431 + 5?
10432113440
In base 9, what is -86 + 514361?
514264
In base 8, what is -345 - -2572255?
2571710
In base 7, what is 3501621 + -3?
3501615
In base 9, what is -1318 + -15638?
-17057
In base 